 Let l be (-3)/w + 749/14. What are the prime factors of l/2*32/20?
2, 11
List the prime factors of 156/9*(146/4 + 1).
2, 5, 13
Suppose 3*l - 812 = -4*l. Suppose 5*q - 16 = -2*s + 1, -4*q = 2*s - 12. Suppose -q*g + g = -l. List the prime factors of g.
29
Let f = -53 + 74. Let x be (-29)/4 + 6/(-8). Let p = f + x. List the prime factors of p.
13
Suppose -2*a = 2*a - 16. Suppose -3*d + 8*d = 20, 0 = -a*m - 3*d - 24. List the prime factors of (15/(-10))/(m/228).
2, 19
Let h be -1 - (0 + -8) - 2. Suppose h*d + 12 = -3, -2*f + 2*d + 4 = 0. Let m(t) = 15*t**2 - t - 2. List the prime factors of m(f).
2, 7
Let t be (-2)/(-2) + 0/2. Let n(o) = 23*o**2 + 34*o**2 + 1 + 25*o**2 - 2*o - 76*o**2. What are the prime factors of n(t)?
5
Let d(b) = -5*b**2 - 13*b - 4. Let j(y) = -14*y**2 - 38*y - 13. Let w(i) = -8*d(i) + 3*j(i). Let f be w(-6). What are the prime factors of (-2 + 4 + f)*-1?
17
Let s = -10 + 4. Let y(z) = -157*z + 93. Let q be y(4). List the prime factors of q/(-15) - (-4)/s.
5, 7
Let y be -79 - (3 + -5 + 3). Let m = y - -113. Suppose 0*n - 2*n + m = -5*b, 5*b = 3*n - 47. List the prime factors of n.
2, 7
List the prime factors of 1000494/495 + (-1)/5.
43, 47
Let r = 86 - 25. Let s = r - 26. Suppose -5*k = -k - 5*j - s, -5*j = 2*k + 5. What are the prime factors of k?
5
What are the prime factors of 542 - (-6 - -5)*1?
3, 181
Let v = -1 + -17. Let d(f) = f**3 + 17*f**2 - 20*f + 9. List the prime factors of d(v).
3, 5
List the prime factors of 12 - 4 - 4266/(-27).
2, 83
What are the prime factors of -1*4*1/((-12)/381)?
127
Suppose -2*g = 2*j + g + 8, 3*j + 6 = -3*g. Let a(c) = -2*c**2 + 3*c - 9*c**2 - j + 12*c**2 - c. What are the prime factors of a(4)?
2, 11
Suppose -4*v - 4*f = -9*f - 416, -v = 4*f - 104. Suppose -3*g + k = 5, 0*k = 2*g + 3*k - 15. Suppose -4*x + v = -g*x. List the prime factors of x.
2, 13
Let w(m) = -15*m**2 - 2*m - 10. Let d be w(4). Let f = 507 + d. List the prime factors of f.
3, 83
Suppose -61*m + 134196 + 41362 = 0. List the prime factors of m.
2, 1439
Let a(f) = 15*f**2 + 10*f + 3. What are the prime factors of a(-2)?
43
Let f be (-6)/5*20/(-12). What are the prime factors of f/(2679/(-537) - -5)?
179
Let t(u) = 45*u**2 - 73*u - 152. List the prime factors of t(-2).
2, 3, 29
Let l(b) = 2*b**2 - 3*b - 188. What are the prime factors of l(30)?
2, 761
Let v = -109 + 184. Suppose 4*k - l - 135 = 0, 3*k - v = 3*l + 33. List the prime factors of k.
3, 11
Let v(a) = -a**2 + 2*a + 1. Let i be v(3). Let k be (i - -5)*1 + -1. What are the prime factors of 3/2 - (-27)/k?
3, 5
What are the prime factors of (10/20)/((-5)/(-980))?
2, 7
Let u = -1315 + 2593. What are the prime factors of u?
2, 3, 71
Let x = -16 + 16. Suppose x = -2*s + 3*p + 70, -57 = -s - 7*p + 3*p. Suppose 3*w + 2*w - s = -4*f, 5*f - w - 73 = 0. What are the prime factors of f?
2, 7
Let u = 2741 - 1874. List the prime factors of u.
3, 17
Let i(d) = -d**3 + 6*d**2 - 7*d + 5. Let u be i(4). Suppose 51 = 3*b + u. List the prime factors of b.
2, 7
Suppose 5*r + 19 - 64 = 0. Let f(d) = -5*d**2 - 3*d**2 - 1 + d**3 + 10*d - 2*d**2. List the prime factors of f(r).
2
Let j = -19 - -74. Let l = -15 + 21. Suppose u - l*u = -j. List the prime factors of u.
11
Suppose 440 + 367 = d. Suppose 3*b - 4*h = 501, -5*b = 3*h - 57 - d. What are the prime factors of b?
3, 19
Let i be 3 + 25 - (48/3)/(-4). Suppose 3*k - i - 29 = -2*j, j = -3*k + 56. What are the prime factors of k?
17
Let l = 850 + -526. List the prime factors of l.
2, 3
Let q(i) = i**3 - 5*i**2 - 7*i + 9. Let g be q(6). Let m = 1 + g. Suppose -m*c = 3*l - 32, l + 4 = -5*c - 0. What are the prime factors of l?
2
List the prime factors of ((-3)/(-6) - 10/4) + 672.
2, 5, 67
Let t(z) = -2*z**3 - z**2. Suppose -7 + 5 = 2*g. Let i be t(g). List the prime factors of ((-150)/10)/(i/(-2)).
2, 3, 5
Let x(y) = -2*y**3 - 13*y**2 + 4*y - 3. Let r be x(-7). Suppose -2*n + r = -244. List the prime factors of n.
131
Let p = -910 + 1416. What are the prime factors of p?
2, 11, 23
Suppose -5*j + 3*t = -4513, -j = -4*j - 5*t + 2735. Suppose 5*o = 5*g + j, o - 209 = 5*g - 16. List the prime factors of o.
2, 89
Let v = -162 - -325. List the prime factors of v.
163
List the prime factors of (-1 - -16)/((-4)/((-728)/6)).
5, 7, 13
Suppose -k + 32*g - 27*g + 481 = 0, -5*g = -4*k + 1999. What are the prime factors of k?
2, 11, 23
Let q(r) be the first derivative of 3 - 7*r**2 - 14/3*r**3 - 1/4*r**4 - 9*r. What are the prime factors of q(-13)?
2
Suppose 2*n = -3*h + 1480, -4*h - 1003 - 1217 = -3*n. List the prime factors of n.
2, 5, 37
Let j(m) = 2*m**2 + 10*m + 15. Let z be j(-7). Let c = 116 - z. List the prime factors of c.
73
Let a = 143 - 41. Suppose 6*o = 3*o + a. Suppose 3 = -g - 2*q + o, -4*q = 12. What are the prime factors of g?
37
Let t(v) = 3*v**3 - 5*v**2 - 25*v + 44. What are the prime factors of t(8)?
2, 5, 53
Let y = 182 - 56. Suppose -50*x = -47*x - y. What are the prime factors of x?
2, 3, 7
Let f(j) = -1441*j + 33. What are the prime factors of f(-2)?
5, 11, 53
Suppose 0*y = y. Suppose -4*k + y*o = 2*o - 264, k + o = 67. List the prime factors of k.
5, 13
Suppose -3*c + 18 = -12. Let l = 12 - c. Let y = 13 + l. List the prime factors of y.
3, 5
Let v(s) = 155*s**2 - 38*s + 1. List the prime factors of v(6).
53, 101
Suppose 3*w + 2 = 14. Suppose 3*x + 5*q = 829, x - 1427 = -w*x + 3*q. Suppose 5*z = 2*n + 303, 5*z + 0*n - x = -3*n. What are the prime factors of z?
59
Let t(w) = -101*w - 91. What are the prime factors of t(-20)?
3, 643
Let b(w) = -w**3 - 9*w**2 + 7*w - 11. Let u be b(-9). Suppose -4*h + 501 - 41 = 0. Let t = u + h. What are the prime factors of t?
41
Suppose -2*m = m - 2*q - 1593, 5*q = -2*m + 1062. What are the prime factors of m?
3, 59
Suppose 7 = -14*v + 15*v. Let u(x) = x**3 - x**2 - 12*x - 5. List the prime factors of u(v).
5, 41
Suppose -188*l = 4*r - 186*l - 7286, r + 2*l - 1814 = 0. What are the prime factors of r?
2, 3, 19
Suppose 12*n + 13*n = 9500. What are the prime factors of n?
2, 5, 19
Let d(q) = 68*q**3 - q**2 - 2*q - 2. Let o be d(-2). Let g be (-6)/15 + o/10. Let c = 103 + g. What are the prime factors of c?
2, 3
Suppose 0 = 4*f + 3*t - 13082, 0 = -3*f - 4*t + 3560 + 6255. List the prime factors of f.
7, 467
Let w = -142 - -235. Suppose 7*y + w = 10*y. List the prime factors of y.
31
Let p be (-26)/4*(0 + -2). Suppose 3*m - 149 = 4*h + p, -h - 229 = -4*m. What are the prime factors of m?
2, 29
Suppose -3*u + 6*u - 471 = -3*k, 0 = -k - 5. Let w(a) = 2*a - 34. Let n be w(17). Suppose n = l - 4*l + u. What are the prime factors of l?
2, 3
Suppose -6*f + 9*f = 18. Let w = -3 + f. Suppose 0 = 4*r - w*r - 6. What are the prime factors of r?
2, 3
Let c be -1 + -7 - (-1 + -2). Let s(o) = 2*o + 3. Let r be s(c). List the prime factors of -1 - 1 - (-31 - r).
2, 11
Suppose -3*x + 0 = 54. List the prime factors of (3 - (x - 0)) + 4.
5
Suppose -5*z + 4*w + 1052 = -294, 4*z + 5*w = 1044. Let v = z + -153. List the prime factors of v.
113
Suppose 64*p = 84*p - 5220. List the prime factors of p.
3, 29
Let w(l) = 4*l**2 + 3*l + 3. Suppose -3 = -4*h + 5. Suppose h*c + 3*p + 4 = -3*c, 4*p = -4*c. List the prime factors of w(c).
13
Let s = 38 - 27. Let q = s - 7. Suppose f - 2*r = 16 + 11, q*f - 118 = 3*r. What are the prime factors of f?
31
Let o be (515 - -5)*3/2. Suppose -19*x = -7*x - o. List the prime factors of x.
5, 13
Let k = 221 - 319. What are the prime factors of k/(-3) - 7/(-21)?
3, 11
Let g(q) = 16*q + 5. Let c be 76/14 - (-3)/(-7) - 2. What are the prime factors of g(c)?
53
Let z be (-3)/18*-32*12. Let p = -39 + z. What are the prime factors of p?
5
What are the prime factors of 808*(3 - (-22)/(-8))?
2, 101
Suppose -2*w + 180 = c, -w + 85 + 5 = 5*c. List the prime factors of w.
2, 3, 5
Suppose 3*l - 35 = -z + 3*z, 0 = -2*z + 5*l - 29. Let v = z + 17. Let q(r) = -r**2 - 12*r - 5. What are the prime factors of q(v)?
2, 3, 5
Let r(x) = -x**2 - 93 + 160*x**3 + 0*x**2 + 92 + 3*x. List the prime factors of r(1).
7, 23
Let n = 48 - 42. What are the prime factors of (4 - 27/n)*(-210 + 0)?
3, 5, 7
Let h = 1183 + 315. What are the prime factors of h?
2, 7, 107
Suppose 0 = 2*t + z - 2*z - 2, 4*t + 2*z - 20 = 0. Suppose 5*d = t*d + 368. List the prime factors of d.
2, 23
Let n(s) = -s**2 - 5*s + 861. What are t